-10000001000111
Convert -5a4 (base 12) to base 8.
-1514
15116 (base 7) to base 2
1000001010010
What is 1023440 (base 6) in base 12?
24b80
What is 1041 (base 7) in base 9?
453
3312 (base 12) to base 9
7645
What is 3a73 (base 11) in base 15?
1873
2a3 (base 16) to base 2
1010100011
2664 (base 9) to base 12
11aa
-102333 (base 5) to base 16
-d8c
-8935 (base 12) to base 11
-10433
Convert b372 (base 16) to base 11.
31572
What is -14b87 (base 12) in base 5?
-1414320
What is 1051341 (base 6) in base 11?
37203
-44141 (base 5) to base 2
-101111100110
707 (base 8) to base 5
3310
What is 11214 (base 6) in base 13?
958
What is 9b2a (base 15) in base 13?
11c80
What is 136 (base 14) in base 3?
100001
-2010201 (base 3) to base 13
-92b
-327 (base 15) to base 14
-38c
What is -46b (base 13) in base 8?
-1375
What is 533 (base 11) in base 9?
782
-5238 (base 12) to base 6
-105312
What is -1313 (base 9) in base 16?
-3d8
What is 1346 (base 12) in base 5?
32324
Convert 1112031 (base 4) to base 6.
41313
Convert -592 (base 11) to base 9.
-864
-110210 (base 3) to base 5
-2340
What is 103321 (base 6) in base 5?
233140
Convert -115245 (base 6) to base 2.
-10100000001101
-11000011100101 (base 2) to base 7
-51331
Convert -1001001000 (base 2) to base 13.
-35c
12407 (base 10) to base 4
3001313
-a52 (base 12) to base 2
-10111011110
Convert 2073 (base 12) to base 8.
6727
What is 1230032 (base 4) in base 9?
10445
What is 16221 (base 7) in base 6?
33100
344 (base 13) to base 5
4223
17577 (base 10) to base 12
a209
What is -1198 (base 10) in base 13?
-712
Convert -2bc (base 16) to base 6.
-3124
What is 12ad (base 14) in base 11?
2520
What is -21526 (base 7) in base 4?
-1110202
Convert 162 (base 8) to base 9.
136
What is -1010111101011 (base 2) in base 7?
-22234
Convert -7236 (base 8) to base 15.
-1197
-406 (base 8) to base 5
-2022
201233 (base 4) to base 8
4157
-1083 (base 16) to base 10
-4227
Convert -ab4 (base 14) to base 8.
-4106
-2310311 (base 4) to base 14
-4309
61113 (base 9) to base 7
225111
488 (base 9) to base 13
251
-478 (base 15) to base 3
-1101112
Convert -101010001001101 (base 2) to base 13.
-9a91
-13bb (base 12) to base 5
-33203
12377 (base 14) to base 3
2021011202
What is 10152 (base 8) in base 16?
106a
4a5 (base 15) to base 10
1055
253 (base 6) to base 5
410
Convert -344 (base 8) to base 2.
-11100100
-14310 (base 5) to base 10
-1205
Convert -1254 (base 7) to base 3.
-122210
Convert -637 (base 8) to base 16.
-19f
What is -4160 (base 8) in base 3?
-2222000
Convert 259 (base 15) to base 16.
216
Convert -222221000 (base 3) to base 14.
-7221
What is 7230 (base 11) in base 7?
36652
Convert 1340 (base 6) to base 5.
2343
211412 (base 5) to base 9
10666
Convert 21556 (base 8) to base 5.
242240
Convert 2487 (base 12) to base 8.
10047
Convert 27288 (base 10) to base 6.
330200
What is 4398 (base 13) in base 15?
2bd0
What is -30 (base 6) in base 13?
-15
What is -62d (base 15) in base 8?
-2561
-39 (base 10) to base 4
-213
What is 2430 (base 6) in base 13?
369
What is -1012 (base 7) in base 11?
-2a0
aa0 (base 15) to base 13
1128
What is 5031 (base 6) in base 13?
667
What is 111 (base 11) in base 16?
85
What is -49 (base 14) in base 15?
-45
What is 22222102 (base 3) in base 8?
14621
Convert 20763 (base 8) to base 14.
324b
What is -1b58 (base 12) in base 13?
-1700
527 (base 8) to base 11
292
-124255 (base 6) to base 13
-5213
139 (base 11) to base 4
2203
Convert -1d88 (base 15) to base 9.
-8732
1220112 (base 3) to base 7
4025
What is -121020001 (base 3) in base 10?
-11827
Convert -3064 (base 15) to base 14.
-3a1d
247 (base 13) to base 12
291
Convert -110111011110010 (base 2) to base 7.
-145543
15256 (base 8) to base 14
26bc
What is 11110101111 (base 2) in base 8?
3657
1121 (base 8) to base 7
1505
Convert -3003002 (base 4) to base 15.
-3a72
What is 4112301 (base 5) in base 3?
10101022210
Convert 13412 (base 10) to base 13.
6149
2352 (base 9) to base 8
3324
Convert -10eb3 (base 15) to base 5.
-3211233
2f1 (base 16) to base 6
3253
Convert 20100120 (base 3) to base 6.
33240
Convert -6d9 (base 16) to base 8.
-3331
What is 111111000 (base 2) in base 8?
770
What is 418 (base 11) in base 14?
27d
-61 (base 15) to base 11
-83
What is 93d (base 14) in base 16?
71b
Convert -158 (base 14) to base 6.
-1134
de1 (base 15) to base 7
12100
624a (base 15) to base 12
1002a
Convert 2022010 (base 3) to base 6.
11433
Convert -2266 (base 8) to base 16.
-4b6
20104 (base 5) to base 8
2377
Convert 439 (base 10) to base 5.
3224
What is 76d (base 15) in base 3?
2022011
Convert 2ce (base 15) to base 16.
284
2212002111 (base 3) to base 10
56200
What is -356 (base 9) in base 11?
-248
Convert -5220 (base 8) to base 11.
-2039
Convert 13023 (base 4) to base 3.
122000
1547 (base 9) to base 11
980
What is -253 (base 14) in base 15?
-210
What is 11422 (base 6) in base 13?
9b6
What is -200122 (base 3) in base 11?
-418
-b3d (base 14) to base 4
-202203
5475 (base 8) to base 13
1404
Convert dd5 (base 14) to base 7.
10655
-30020313 (base 4) to base 8
-141067
Convert -21211220 (base 3) to base 7.
-22452
What is -704 (base 12) in base 15?
-477
14b3 (base 15) to base 3
20002120
Convert 10000010 (base 2) to base 10.
130
Convert 58 (base 13) to base 7.
133
-1012201 (base 3) to base 7
-2401
Convert -23003113 (base 4) to base 7.
-245662
Convert 471 (base 9) to base 3.
112101
What is 305a (base 11) in base 3?
12120022
113377 (base 8) to base 13
14796
330 (base 11) to base 16
18c
Convert 11a95 (base 13) to base 12.
16a22
36141 (base 7) to base 4
2101323
What is -276 (base 15) in base 3?
-202210
Convert 4240 (base 5) to base 2.
1000111010
What is 233011 (base 6) in base 4?
10321333
What is 21220110 (base 3) in base 9?
7813
5795 (base 11) to base 2
1110110110110
Convert -159 (base 16) to base 6.
-1333
Convert -35310 (base 6) to base 8.
-11732
Convert 4661 (base 8) to base 5.
34411
Convert -179 (base 10) to base 8.
-263
Convert -10101100000011 (base 2) to base 6.
-122551
1000110111011101 (base 2) to base 3
1211211002
-1160 (base 16) to base 15
-14b8
247 (base 8) to base 2
10100111
What is 2112 (base 7) in base 10?
744
What is -145 (base 7) in base 13?
-64
Convert 2ba1 (base 14) to base 9.
11610
Convert -1288 (base 10) to base 5.
-20123
36b (base 12) to base 2
1000000011
What is -36021 (base 7) in base 16?
-243c
What is 17538 (base 13) in base 16?
af20
Convert -3304 (base 7) to base 11.
-983
What is 11bb8 (base 13) in base 15?
9a98
-55355 (base 8) to base 5
-1221102
What is 60 (base 15) in base 16?
5a
34624 (base 11) to base 10
49999
What is 742 (base 11) in base 4?
31331
-3652 (base 7) to base 3
-1212101
What is 111636 (base 7) in base 8?
46640
-3470 (base 15) to base 8
-25572
Convert -164c9 (base 14) to base 3.
-2211121012
Convert -134154 (base 6) to base 7.
-51505
What is 55535 (base 7) in base 4?
3122213
-46c (base 14) to base 8
-1560
-152c (base 15) to base 9
-6206
What is 100111010111110 (base 2) in base 10?
20158
What is 4dc (base 15) in base 10?
1107
What is -60302 (base 8) in base 6?
-310402
Convert -a237 (base 13) to base 6.
-251254
What is -2373 (base 11) in base 9?
-4230
254141 (base 6) to base 2
101100110101101
Convert b4a (base 14) to base 11.
1740
8769 (base 10) to base 9
13023
-10010111011 (base 2) to base 8
-2273
Convert 211000 (base 3) to base 13.
369
What is -2110102010 (base 3) in base 11?
-33413
What is 24a4 (base 15) in base 9?
11631
-130320 (base 4) to base 11
-1430
What is -2033333 (base 4) in base 14?
-3503
126255 (base 8) to base 6
540353
What is -11734 (base 15) in base 4?
-31211020
What is -3878 (base 12) in base 2?
-1100100011100
Convert -322 (base 15) to base 9.
-865
What is 230 (base 9) in base 5?
1224
What is 54034 (base 6) in base 5?
213431
132135 (base 6) to base 3
121200012
What is 235032 (base 6) in base 5?
1124130
Convert -12431 (base 6) to base 12.
-1117
Convert -10001111001000 (base 2) to base 5.
-243120
Convert -387 (base 11) to base 3.
-121222
What is -211020 (base 3) in base 16?
-258
Convert 4444 (base 6) to base 11.
862
Convert 3120131 (base 4) to base 3.
201000002
Convert 66053 (base 8) to base 3.
1101222121
What is -10174 (base 14) in base 10?
-38714
-30316 (base 10) to base 11
-20860
750a (base 11) to base 8
23314
-4045 (base 8) to base 12
-1259
13866 (base 12) to base 13
c486
-233357 (base